3976
In base 6, what is 2341 - 1152?
1145
In base 5, what is -32 + -10402004?
-10402041
In base 11, what is 1885a + -3?
18857
In base 11, what is -60 + -960?
-a10
In base 9, what is 132 - -38?
171
In base 12, what is -3 + 530?
529
In base 12, what is -12 + -63a1?
-63b3
In base 11, what is -a06 + -200?
-1106
In base 10, what is 54633 + 6?
54639
In base 16, what is -67 + -25c?
-2c3
In base 5, what is -14 + 330431?
330412
In base 12, what is 88497 + 3?
8849a
In base 4, what is 2130230230 - -1?
2130230231
In base 16, what is -4ff + 2?
-4fd
In base 5, what is 10 + 21333?
21343
In base 5, what is 1312 - -4103?
10420
In base 2, what is -111 + -110001111111?
-110010000110
In base 9, what is -1 + -16133?
-16134
In base 7, what is 13152153 - 3?
13152150
In base 7, what is 2266134 + 1?
2266135
In base 15, what is -17827 - -1?
-17826
In base 4, what is 3222 + 1103?
10331
In base 8, what is -2073 - -2351?
256
In base 6, what is -2211050 - -31?
-2211015
In base 9, what is -3 - -34112?
34108
In base 8, what is -1340420 - 2?
-1340422
In base 5, what is 0 + 43133144?
43133144
In base 9, what is -67 + -825?
-1003
In base 2, what is 1001 + 11001011111010?
11001100000011
In base 2, what is -10101 - -110101?
100000
In base 4, what is 2021 - -21203?
23230
In base 14, what is -1 + 2d7b?
2d7a
In base 4, what is 1 - 3110202?
-3110201
In base 6, what is -12 + 154555?
154543
In base 11, what is -1 - 109941?
-109942
In base 2, what is -101 - 101001111101?
-101010000010
In base 8, what is 104 - -2621?
2725
In base 11, what is 1104a9 - 2?
1104a7
In base 14, what is -c - 215aa?
-215b8
In base 9, what is -501 + -18786?
-20387
In base 6, what is -24225 - -10?
-24215
In base 14, what is -5010 - -2?
-500c
In base 3, what is -1101 - -1121111122?
1121110021
In base 15, what is 6d2 - 286?
44b
In base 4, what is -11332 - 1130?
-13122
In base 5, what is -202140 - 2014?
-204204
In base 12, what is -1 + 25476?
25475
In base 5, what is -103131 - -3?
-103123
In base 2, what is 101000010001111111 - 1?
101000010001111110
In base 13, what is 49b1bc - -3?
49b1c2
In base 10, what is 59 + -1254?
-1195
In base 11, what is -3 + -287496?
-287499
In base 5, what is 142 + 114?
311
In base 13, what is -3b - -2866?
2828
In base 2, what is -101 + -101111011010000100101?
-101111011010000101010
In base 10, what is 24139 - -39?
24178
In base 15, what is -22d8d - -1?
-22d8c
In base 3, what is -112 + 1001000?
1000111
In base 14, what is 185 - -3ac?
553
In base 5, what is 113 - -1101334?
1102002
In base 15, what is -4 - 548b?
-5490
In base 15, what is 9 + 4ad8?
4ae2
In base 4, what is 2 + 3331323323?
3331323331
In base 16, what is -2b87 - 1a?
-2ba1
In base 13, what is -2b + -2731?
-275c
In base 5, what is 11201243412 - -4?
11201243421
In base 13, what is -1a05 - 32?
-1a37
In base 15, what is -44 + -35?
-79
In base 11, what is 4 - -26820?
26824
In base 2, what is 11011 + 1011101011100?
1011101110111
In base 5, what is 3002443 + -11?
3002432
In base 14, what is b4d4 + -94?
b440
In base 2, what is -11111010100011000111 - 0?
-11111010100011000111
In base 7, what is -322226 + -2?
-322231
In base 14, what is 3 + -41cc?
-41c9
In base 10, what is -477368 - 3?
-477371
In base 10, what is -1 - 4202?
-4203
In base 5, what is -322 + -10404?
-11231
In base 8, what is -10 + 1073724?
1073714
In base 3, what is 111201 - 1002?
110122
In base 9, what is -11 + -4447?
-4458
In base 14, what is 1ba - -25b?
437
In base 15, what is -3b + -14c?
-188
In base 8, what is 140 + -16443?
-16303
In base 15, what is 678dac + -3?
678da9
In base 3, what is -101 + 101222100002?
101222022201
In base 15, what is 1c5cea - -2?
1c5cec
In base 15, what is d540e - -4?
d5413
In base 3, what is 11022 + -21022220?
-21011121
In base 14, what is -719993 + -3?
-719996
In base 6, what is -1444 - -12011?
10123
In base 15, what is 17abb8 + -4?
17abb4
In base 4, what is -20003 - -11?
-13332
In base 9, what is 23626 - -4?
23631
In base 4, what is -103120 + 203?
-102311
In base 16, what is 2425a + 1?
2425b
In base 12, what is 1 - -35a75?
35a76
In base 14, what is 93247 - -3?
9324a
In base 6, what is 150250 - 0?
150250
In base 14, what is -609 - c4?
-6cd
In base 16, what is -5f - 3f8?
-457
In base 12, what is -160 + -107a?
-121a
In base 10, what is -81 - -889?
808
In base 13, what is -960 - 930?
-1590
In base 16, what is 12fe - -3?
1301
In base 12, what is 1559 - -26b?
1808
In base 13, what is 694 - 383?
311
In base 7, what is -1650 - 1602?
-3552
In base 14, what is -dba - 2?
-dbc
In base 10, what is -630 + 716?
86
In base 12, what is -4 + -287784?
-287788
In base 11, what is -30a643 - -5?
-30a639
In base 6, what is 5 - -12134?
12143
In base 7, what is 20324111 + 4?
20324115
In base 13, what is 287 - 58?
22c
In base 7, what is -424343 + 31?
-424312
In base 10, what is 8 - -23498?
23506
In base 14, what is 2 - 1acc?
-1aca
In base 16, what is 5 + -14fa24?
-14fa1f
In base 16, what is -12f - -126?
-9
In base 14, what is 8 + -336d?
-3365
In base 5, what is -140330210 + 4?
-140330201
In base 6, what is 10343 + -10?
10333
In base 15, what is -1935 - -10?
-1925
In base 12, what is -4950 - 1b9?
-4b49
In base 15, what is -12 - -50a3?
5091
In base 5, what is -22324 - 4?
-22333
In base 11, what is -3046018 - 5?
-3046022
In base 10, what is 7 - -24323?
24330
In base 5, what is 2343 + -22204?
-14311
In base 6, what is 0 + 1012431?
1012431
In base 11, what is -119 + -335?
-453
In base 13, what is 7 + 86018?
86022
In base 2, what is -11 - -10011001100100?
10011001100001
In base 11, what is 1a962 + 3?
1a965
In base 16, what is 18297 - 5?
18292
In base 11, what is 3 - 31581?
-31579
In base 15, what is 2d4 - 109?
1ca
In base 14, what is 10 - -2322?
2332
In base 5, what is 4 - 1334132?
-1334123
In base 3, what is 10210122010 - 2?
10210122001
In base 2, what is -100010101011001 + 110000?
-100010100101001
In base 9, what is 441 + 80?
531
In base 11, what is 9 - 1539?
-1530
In base 4, what is -21 + -1300121?
-1300202
In base 7, what is -3513 - 1050?
-4563
In base 12, what is 5a8 - 9?
59b
In base 2, what is -100 - 1101100000000?
-1101100000100
In base 13, what is -b - -192b?
1920
In base 12, what is 5 - -1052?
1057
In base 2, what is 11011100111 + 100001?
11100001000
In base 8, what is 13 + 477630?
477643
In base 12, what is 377 - -29?
3a4
In base 10, what is -10 - 13999?
-14009
In base 15, what is 8 + 2583b?
25844
In base 2, what is 10111111111 - -1110010?
11001110001
In base 14, what is -58c + 64b?
9d
In base 3, what is 20110 + 10011020?
10101200
In base 5, what is -12 - -202410?
202343
In base 4, what is -212010 + 100?
-211310
In base 10, what is 2 - 34746?
-34744
In base 9, what is 50750 - 1?
50748
In base 3, what is 200212112 - 12?
200212100
In base 13, what is -250969 - -4?
-250965
In base 4, what is -302 - 21310?
-22212
In base 16, what is -d + 5403?
53f6
In base 7, what is 3011 - 2514?
164
In base 6, what is -10 + -510151?
-510201
In base 14, what is 3b22 - -3?
3b25
In base 12, what is 4 - 10b95?
-10b91
In base 12, what is a - 2479?
-246b
In base 8, what is 27772 + 60?
30052
In base 6, what is -1050 - 2203?
-3253
In base 16, what is 15519 - -4?
1551d
In base 13, what is 3 - -1c274?
1c277
In base 14, what is aa8 - -17?
ac1
In base 5, what is 4 - 340414?
-340410
In base 12, what is -4 + -186a?
-1872
In base 12, what is -3 - -3896?
3893
In base 12, what is 15b - -16?
175
In base 12, what is 16835 - 5?
16830
In base 6, what is 14041035 + 3?
14041042
In base 9, what is -34738 + -385?
-35234
In base 8, what is -2521577 + 1?
-2521576
In base 11, what is -2 + -a788?
-a78a
In base 11, what is -21164 + 13?
-21151
In base 11, what is -28 + 65879?
65851
In base 8, what is 27503 + 53?
27556
In base 5, what is 140102 + 3022?
143124
In base 11, what is 9 + -516422?
-516414
In base 13, what is 5 + 141b2?
141b7
In base 3, what is -1021211 - 12220?
-1111201
In base 10, what is 3 - 25194?
-25191
In base 7, what is 13131 - 50?
13051
In base 13, what is -13a5 + -976?
-204b
In base 11, what is 16aa + -32?
1678
In base 5, what is 1 + 1144012?
1144013
In base 10, what is 5 - 98039?
-98034
In base 14, what is 4 + -204b2?
-204ac
In base 2, what is -1010000000010000110 - 1?
-1010000000010000111
In base 2, what is 10001 + 100111110000010?
100111110010011
In base 3, what is -221012211 - -11?
-221012